{"id":36,"date":"2026-03-28T14:09:12","date_gmt":"2026-03-28T14:09:12","guid":{"rendered":"http:\/\/30hskiki.org\/?page_id=36"},"modified":"2026-03-30T05:32:35","modified_gmt":"2026-03-30T05:32:35","slug":"location","status":"publish","type":"page","link":"https:\/\/30hskiki.org\/index.php\/location\/","title":{"rendered":"Location"},"content":{"rendered":"\n<p>The Meeting will be held at the Sheraton Dubrovnik Riviera Hotel, set in a beautiful seaside location at \u0160etali\u0161te dr. F. Tu\u0111mana 17, 20207 Srebreno, Mlini, Croatia. Surrounded by stunning coastal scenery and modern, stylish interiors, the hotel offers an inspiring setting for both work and relaxation. Registration, the Opening Ceremony, the Welcome Reception, and the entire scientific program will all take place at the hotel.<\/p>\n\n\n\n<figure class=\"wp-container-2 wp-block-gallery-1 wp-block-gallery has-nested-images columns-default is-cropped\">\n<figure class=\"wp-block-image size-large\"><img loading=\"lazy\" width=\"1024\" height=\"683\" data-id=\"65\"  src=\"https:\/\/30hskiki.org\/wp-content\/uploads\/2026\/03\/Bay-view-1024x683.jpg\" alt=\"\" class=\"wp-image-65\" srcset=\"https:\/\/30hskiki.org\/wp-content\/uploads\/2026\/03\/Bay-view-1024x683.jpg 1024w, https:\/\/30hskiki.org\/wp-content\/uploads\/2026\/03\/Bay-view-300x200.jpg 300w, https:\/\/30hskiki.org\/wp-content\/uploads\/2026\/03\/Bay-view-768x512.jpg 768w, https:\/\/30hskiki.org\/wp-content\/uploads\/2026\/03\/Bay-view.jpg 1500w\" sizes=\"(max-width: 1024px) 100vw, 1024px\" \/><\/figure>\n\n\n\n<figure class=\"wp-block-image size-large\"><img loading=\"lazy\" width=\"1024\" height=\"768\" data-id=\"67\"  src=\"https:\/\/30hskiki.org\/wp-content\/uploads\/2026\/03\/Beach-1024x768.jpg\" alt=\"\" class=\"wp-image-67\" srcset=\"https:\/\/30hskiki.org\/wp-content\/uploads\/2026\/03\/Beach-1024x768.jpg 1024w, https:\/\/30hskiki.org\/wp-content\/uploads\/2026\/03\/Beach-300x225.jpg 300w, https:\/\/30hskiki.org\/wp-content\/uploads\/2026\/03\/Beach-768x576.jpg 768w, https:\/\/30hskiki.org\/wp-content\/uploads\/2026\/03\/Beach-1536x1152.jpg 1536w, https:\/\/30hskiki.org\/wp-content\/uploads\/2026\/03\/Beach.jpg 1920w\" sizes=\"(max-width: 1024px) 100vw, 1024px\" \/><\/figure>\n\n\n\n<figure class=\"wp-block-image size-large\"><img loading=\"lazy\" width=\"1024\" height=\"576\" data-id=\"69\"  src=\"https:\/\/30hskiki.org\/wp-content\/uploads\/2026\/03\/Dubrovnik-Riviera-1024x576.jpg\" alt=\"\" class=\"wp-image-69\" srcset=\"https:\/\/30hskiki.org\/wp-content\/uploads\/2026\/03\/Dubrovnik-Riviera-1024x576.jpg 1024w, https:\/\/30hskiki.org\/wp-content\/uploads\/2026\/03\/Dubrovnik-Riviera-300x169.jpg 300w, https:\/\/30hskiki.org\/wp-content\/uploads\/2026\/03\/Dubrovnik-Riviera-768x432.jpg 768w, https:\/\/30hskiki.org\/wp-content\/uploads\/2026\/03\/Dubrovnik-Riviera-1536x864.jpg 1536w, https:\/\/30hskiki.org\/wp-content\/uploads\/2026\/03\/Dubrovnik-Riviera-2048x1152.jpg 2048w\" sizes=\"(max-width: 1024px) 100vw, 1024px\" \/><\/figure>\n\n\n\n<figure class=\"wp-block-image size-large\"><img loading=\"lazy\" width=\"1024\" height=\"576\" data-id=\"68\"  src=\"https:\/\/30hskiki.org\/wp-content\/uploads\/2026\/03\/Dubrovnik-1024x576.jpg\" alt=\"\" class=\"wp-image-68\" srcset=\"https:\/\/30hskiki.org\/wp-content\/uploads\/2026\/03\/Dubrovnik-1024x576.jpg 1024w, https:\/\/30hskiki.org\/wp-content\/uploads\/2026\/03\/Dubrovnik-300x169.jpg 300w, https:\/\/30hskiki.org\/wp-content\/uploads\/2026\/03\/Dubrovnik-768x432.jpg 768w, https:\/\/30hskiki.org\/wp-content\/uploads\/2026\/03\/Dubrovnik-1536x864.jpg 1536w, https:\/\/30hskiki.org\/wp-content\/uploads\/2026\/03\/Dubrovnik-2048x1152.jpg 2048w\" sizes=\"(max-width: 1024px) 100vw, 1024px\" \/><\/figure>\n\n\n\n<figure class=\"wp-block-image size-large\"><img loading=\"lazy\" width=\"1024\" height=\"683\" data-id=\"70\"  src=\"https:\/\/30hskiki.org\/wp-content\/uploads\/2026\/03\/Exterior-1024x683.jpg\" alt=\"\" class=\"wp-image-70\" srcset=\"https:\/\/30hskiki.org\/wp-content\/uploads\/2026\/03\/Exterior-1024x683.jpg 1024w, https:\/\/30hskiki.org\/wp-content\/uploads\/2026\/03\/Exterior-300x200.jpg 300w, https:\/\/30hskiki.org\/wp-content\/uploads\/2026\/03\/Exterior-768x513.jpg 768w, https:\/\/30hskiki.org\/wp-content\/uploads\/2026\/03\/Exterior-1536x1025.jpg 1536w, https:\/\/30hskiki.org\/wp-content\/uploads\/2026\/03\/Exterior-2048x1367.jpg 2048w\" sizes=\"(max-width: 1024px) 100vw, 1024px\" \/><\/figure>\n\n\n\n<figure class=\"wp-block-image size-large\"><img loading=\"lazy\" width=\"1024\" height=\"768\" data-id=\"66\"  src=\"https:\/\/30hskiki.org\/wp-content\/uploads\/2026\/03\/Hotel-entrance-1024x768.jpg\" alt=\"\" class=\"wp-image-66\" srcset=\"https:\/\/30hskiki.org\/wp-content\/uploads\/2026\/03\/Hotel-entrance-1024x768.jpg 1024w, https:\/\/30hskiki.org\/wp-content\/uploads\/2026\/03\/Hotel-entrance-300x225.jpg 300w, https:\/\/30hskiki.org\/wp-content\/uploads\/2026\/03\/Hotel-entrance-768x576.jpg 768w, https:\/\/30hskiki.org\/wp-content\/uploads\/2026\/03\/Hotel-entrance-1536x1152.jpg 1536w, https:\/\/30hskiki.org\/wp-content\/uploads\/2026\/03\/Hotel-entrance.jpg 1920w\" sizes=\"(max-width: 1024px) 100vw, 1024px\" \/><\/figure>\n\n\n\n<figure class=\"wp-block-image size-large\"><img loading=\"lazy\" width=\"1024\" height=\"581\" data-id=\"71\"  src=\"https:\/\/30hskiki.org\/wp-content\/uploads\/2026\/03\/Mlini-beach-1024x581.jpg\" alt=\"\" class=\"wp-image-71\" srcset=\"https:\/\/30hskiki.org\/wp-content\/uploads\/2026\/03\/Mlini-beach-1024x581.jpg 1024w, https:\/\/30hskiki.org\/wp-content\/uploads\/2026\/03\/Mlini-beach-300x170.jpg 300w, https:\/\/30hskiki.org\/wp-content\/uploads\/2026\/03\/Mlini-beach-768x435.jpg 768w, https:\/\/30hskiki.org\/wp-content\/uploads\/2026\/03\/Mlini-beach-1536x871.jpg 1536w, https:\/\/30hskiki.org\/wp-content\/uploads\/2026\/03\/Mlini-beach-2048x1161.jpg 2048w\" sizes=\"(max-width: 1024px) 100vw, 1024px\" \/><\/figure>\n\n\n\n<figure class=\"wp-block-image size-large\"><img loading=\"lazy\" width=\"1024\" height=\"768\" data-id=\"72\"  src=\"https:\/\/30hskiki.org\/wp-content\/uploads\/2026\/03\/Outdoor-pool-1024x768.jpg\" alt=\"\" class=\"wp-image-72\" srcset=\"https:\/\/30hskiki.org\/wp-content\/uploads\/2026\/03\/Outdoor-pool-1024x768.jpg 1024w, https:\/\/30hskiki.org\/wp-content\/uploads\/2026\/03\/Outdoor-pool-300x225.jpg 300w, https:\/\/30hskiki.org\/wp-content\/uploads\/2026\/03\/Outdoor-pool-768x576.jpg 768w, https:\/\/30hskiki.org\/wp-content\/uploads\/2026\/03\/Outdoor-pool-1536x1152.jpg 1536w, https:\/\/30hskiki.org\/wp-content\/uploads\/2026\/03\/Outdoor-pool.jpg 1920w\" sizes=\"(max-width: 1024px) 100vw, 1024px\" \/><\/figure>\n\n\n\n<figure class=\"wp-block-image size-large\"><img loading=\"lazy\" width=\"1024\" height=\"768\" data-id=\"73\"  src=\"https:\/\/30hskiki.org\/wp-content\/uploads\/2026\/03\/Pool-view-1024x768.jpg\" alt=\"\" class=\"wp-image-73\" srcset=\"https:\/\/30hskiki.org\/wp-content\/uploads\/2026\/03\/Pool-view-1024x768.jpg 1024w, https:\/\/30hskiki.org\/wp-content\/uploads\/2026\/03\/Pool-view-300x225.jpg 300w, https:\/\/30hskiki.org\/wp-content\/uploads\/2026\/03\/Pool-view-768x576.jpg 768w, https:\/\/30hskiki.org\/wp-content\/uploads\/2026\/03\/Pool-view-1536x1152.jpg 1536w, https:\/\/30hskiki.org\/wp-content\/uploads\/2026\/03\/Pool-view.jpg 1920w\" sizes=\"(max-width: 1024px) 100vw, 1024px\" \/><\/figure>\n\n\n\n<figure class=\"wp-block-image size-large\"><img loading=\"lazy\" width=\"1024\" height=\"576\" data-id=\"74\"  src=\"https:\/\/30hskiki.org\/wp-content\/uploads\/2026\/03\/SDRH-arial-view-1024x576.jpg\" alt=\"\" class=\"wp-image-74\" srcset=\"https:\/\/30hskiki.org\/wp-content\/uploads\/2026\/03\/SDRH-arial-view-1024x576.jpg 1024w, https:\/\/30hskiki.org\/wp-content\/uploads\/2026\/03\/SDRH-arial-view-300x169.jpg 300w, https:\/\/30hskiki.org\/wp-content\/uploads\/2026\/03\/SDRH-arial-view-768x432.jpg 768w, https:\/\/30hskiki.org\/wp-content\/uploads\/2026\/03\/SDRH-arial-view-1536x864.jpg 1536w, https:\/\/30hskiki.org\/wp-content\/uploads\/2026\/03\/SDRH-arial-view.jpg 2000w\" sizes=\"(max-width: 1024px) 100vw, 1024px\" \/><\/figure>\n\n\n\n<figure class=\"wp-block-image size-large\"><img loading=\"lazy\" width=\"1024\" height=\"576\" data-id=\"75\"  src=\"https:\/\/30hskiki.org\/wp-content\/uploads\/2026\/03\/Sheraton-Dubrovnik-Riviera-Hotel_2-1024x576.jpg\" alt=\"\" class=\"wp-image-75\" srcset=\"https:\/\/30hskiki.org\/wp-content\/uploads\/2026\/03\/Sheraton-Dubrovnik-Riviera-Hotel_2-1024x576.jpg 1024w, https:\/\/30hskiki.org\/wp-content\/uploads\/2026\/03\/Sheraton-Dubrovnik-Riviera-Hotel_2-300x169.jpg 300w, https:\/\/30hskiki.org\/wp-content\/uploads\/2026\/03\/Sheraton-Dubrovnik-Riviera-Hotel_2-768x432.jpg 768w, https:\/\/30hskiki.org\/wp-content\/uploads\/2026\/03\/Sheraton-Dubrovnik-Riviera-Hotel_2-1536x864.jpg 1536w, https:\/\/30hskiki.org\/wp-content\/uploads\/2026\/03\/Sheraton-Dubrovnik-Riviera-Hotel_2.jpg 2000w\" sizes=\"(max-width: 1024px) 100vw, 1024px\" \/><\/figure>\n\n\n\n<figure class=\"wp-block-image size-large\"><img loading=\"lazy\" width=\"1024\" height=\"768\" data-id=\"118\"  src=\"https:\/\/30hskiki.org\/wp-content\/uploads\/2026\/03\/Hotel-view-1024x768.jpg\" alt=\"\" class=\"wp-image-118\" srcset=\"https:\/\/30hskiki.org\/wp-content\/uploads\/2026\/03\/Hotel-view-1024x768.jpg 1024w, https:\/\/30hskiki.org\/wp-content\/uploads\/2026\/03\/Hotel-view-300x225.jpg 300w, https:\/\/30hskiki.org\/wp-content\/uploads\/2026\/03\/Hotel-view-768x576.jpg 768w, https:\/\/30hskiki.org\/wp-content\/uploads\/2026\/03\/Hotel-view-1536x1152.jpg 1536w, https:\/\/30hskiki.org\/wp-content\/uploads\/2026\/03\/Hotel-view-2048x1536.jpg 2048w\" sizes=\"(max-width: 1024px) 100vw, 1024px\" \/><\/figure>\n\n\n\n<figure class=\"wp-block-image size-large\"><img loading=\"lazy\" width=\"1024\" height=\"768\" data-id=\"76\"  src=\"https:\/\/30hskiki.org\/wp-content\/uploads\/2026\/03\/Sheraton-Dubrovnik-1024x768.jpg\" alt=\"\" class=\"wp-image-76\" srcset=\"https:\/\/30hskiki.org\/wp-content\/uploads\/2026\/03\/Sheraton-Dubrovnik-1024x768.jpg 1024w, https:\/\/30hskiki.org\/wp-content\/uploads\/2026\/03\/Sheraton-Dubrovnik-300x225.jpg 300w, https:\/\/30hskiki.org\/wp-content\/uploads\/2026\/03\/Sheraton-Dubrovnik-768x576.jpg 768w, https:\/\/30hskiki.org\/wp-content\/uploads\/2026\/03\/Sheraton-Dubrovnik-1536x1152.jpg 1536w, https:\/\/30hskiki.org\/wp-content\/uploads\/2026\/03\/Sheraton-Dubrovnik.jpg 1920w\" sizes=\"(max-width: 1024px) 100vw, 1024px\" \/><\/figure>\n\n\n\n<figure class=\"wp-block-image size-large\"><img loading=\"lazy\" width=\"1024\" height=\"569\" data-id=\"77\"  src=\"https:\/\/30hskiki.org\/wp-content\/uploads\/2026\/03\/Srebreno-bay-1024x569.jpg\" alt=\"\" class=\"wp-image-77\" srcset=\"https:\/\/30hskiki.org\/wp-content\/uploads\/2026\/03\/Srebreno-bay-1024x569.jpg 1024w, https:\/\/30hskiki.org\/wp-content\/uploads\/2026\/03\/Srebreno-bay-300x167.jpg 300w, https:\/\/30hskiki.org\/wp-content\/uploads\/2026\/03\/Srebreno-bay-768x427.jpg 768w, https:\/\/30hskiki.org\/wp-content\/uploads\/2026\/03\/Srebreno-bay-1536x854.jpg 1536w, https:\/\/30hskiki.org\/wp-content\/uploads\/2026\/03\/Srebreno-bay.jpg 1964w\" sizes=\"(max-width: 1024px) 100vw, 1024px\" \/><\/figure>\n\n\n\n<figure class=\"wp-block-image size-large\"><img loading=\"lazy\" width=\"1024\" height=\"768\" data-id=\"78\"  src=\"https:\/\/30hskiki.org\/wp-content\/uploads\/2026\/03\/View-1024x768.jpg\" alt=\"\" class=\"wp-image-78\" srcset=\"https:\/\/30hskiki.org\/wp-content\/uploads\/2026\/03\/View-1024x768.jpg 1024w, https:\/\/30hskiki.org\/wp-content\/uploads\/2026\/03\/View-300x225.jpg 300w, https:\/\/30hskiki.org\/wp-content\/uploads\/2026\/03\/View-768x576.jpg 768w, https:\/\/30hskiki.org\/wp-content\/uploads\/2026\/03\/View-1536x1152.jpg 1536w, https:\/\/30hskiki.org\/wp-content\/uploads\/2026\/03\/View-2048x1536.jpg 2048w\" sizes=\"(max-width: 1024px) 100vw, 1024px\" \/><\/figure>\n\n\n\n<figure class=\"wp-block-image size-large\"><img loading=\"lazy\" width=\"1024\" height=\"683\" data-id=\"79\"  src=\"https:\/\/30hskiki.org\/wp-content\/uploads\/2026\/03\/Views-1024x683.jpg\" alt=\"\" class=\"wp-image-79\" srcset=\"https:\/\/30hskiki.org\/wp-content\/uploads\/2026\/03\/Views-1024x683.jpg 1024w, https:\/\/30hskiki.org\/wp-content\/uploads\/2026\/03\/Views-300x200.jpg 300w, https:\/\/30hskiki.org\/wp-content\/uploads\/2026\/03\/Views-768x513.jpg 768w, https:\/\/30hskiki.org\/wp-content\/uploads\/2026\/03\/Views-1536x1025.jpg 1536w, https:\/\/30hskiki.org\/wp-content\/uploads\/2026\/03\/Views-2048x1367.jpg 2048w\" sizes=\"(max-width: 1024px) 100vw, 1024px\" \/><\/figure>\n<\/figure>\n","protected":false},"excerpt":{"rendered":"<p>The Meeting will be held at the Sheraton Dubrovnik Riviera Hotel, set in a beautiful seaside location at \u0160etali\u0161te dr. F. Tu\u0111mana 17, 20207 Srebreno, Mlini, Croatia. Surrounded by stunning coastal scenery and modern, stylish interiors, the hotel offers an inspiring setting for both work and relaxation. Registration, the Opening Ceremony, the Welcome Reception, and [&hellip;]<\/p>\n","protected":false},"author":1,"featured_media":0,"parent":0,"menu_order":0,"comment_status":"closed","ping_status":"closed","template":"","meta":[],"_links":{"self":[{"href":"https:\/\/30hskiki.org\/index.php\/wp-json\/wp\/v2\/pages\/36"}],"collection":[{"href":"https:\/\/30hskiki.org\/index.php\/wp-json\/wp\/v2\/pages"}],"about":[{"href":"https:\/\/30hskiki.org\/index.php\/wp-json\/wp\/v2\/types\/page"}],"author":[{"embeddable":true,"href":"https:\/\/30hskiki.org\/index.php\/wp-json\/wp\/v2\/users\/1"}],"replies":[{"embeddable":true,"href":"https:\/\/30hskiki.org\/index.php\/wp-json\/wp\/v2\/comments?post=36"}],"version-history":[{"count":3,"href":"https:\/\/30hskiki.org\/index.php\/wp-json\/wp\/v2\/pages\/36\/revisions"}],"predecessor-version":[{"id":120,"href":"https:\/\/30hskiki.org\/index.php\/wp-json\/wp\/v2\/pages\/36\/revisions\/120"}],"wp:attachment":[{"href":"https:\/\/30hskiki.org\/index.php\/wp-json\/wp\/v2\/media?parent=36"}],"curies":[{"name":"wp","href":"https:\/\/api.w.org\/{rel}","templated":true}]}}