{"id":38,"date":"2026-03-28T14:17:51","date_gmt":"2026-03-28T14:17:51","guid":{"rendered":"http:\/\/30hskiki.org\/?page_id=38"},"modified":"2026-03-28T14:28:10","modified_gmt":"2026-03-28T14:28:10","slug":"registration","status":"publish","type":"page","link":"https:\/\/30hskiki.org\/index.php\/registration\/","title":{"rendered":"Registration"},"content":{"rendered":"\n<div style=\"height:33px\" aria-hidden=\"true\" class=\"wp-block-spacer\"><\/div>\n\n\n\n<p class=\"has-text-align-center\"><em>Registration opens soon.<\/em><\/p>\n\n\n\n<h2>Registration fee<\/h2>\n\n\n\n<figure class=\"wp-block-table is-style-stripes\"><table><thead><tr><th rowspan=\"2\">REGISTRATION FEE<\/th><th>EARLY BIRD<\/th><th>AFTER JAN. 31, 2027<\/th><\/tr><tr><th>EUR<\/th><th>EUR<\/th><\/tr><\/thead><tbody><tr><td>Regular<\/td><td>480<\/td><td>530<\/td><\/tr><tr><td>CSCE\/CCS members<\/td><td>450<\/td><td>500<\/td><\/tr><tr><td>Primary and Secondary School Teachers<\/td><td>280<\/td><td>330<\/td><\/tr><tr><td>Students up to doctorate<\/td><td>280<\/td><td>330<\/td><\/tr><tr><td>Accompanying person<\/td><td>250<\/td><td>300<\/td><\/tr><\/tbody><\/table><\/figure>\n\n\n\n<p class=\"has-small-font-size\"><em><em>* VAT included. Bank expenses not included in the fee. Retired persons can participate free of charge. Primary and secondary school teachers that participate in one-day section Education can participate free of charge.<\/em><\/em><\/p>\n\n\n\n<h2 class=\"wp-block-heading\">Payment details<\/h2>\n\n\n\n<p><strong>Croatian Society of Chemical Engineers<\/strong><\/p>\n\n\n\n<p>Berislavi\u0107eva 6\/I, HR-10000 Zagreb, Croatia<\/p>\n\n\n\n<p>IBAN: <strong>HR5323600001101367680<\/strong><\/p>\n\n\n\n<p>Zagreba\u010dka banka, Trg bana J. Jela\u010di\u0107a 10, HR-10 000 Zagreb<\/p>\n\n\n\n<p>BIC\/SWIFT CODE: <strong>ZABAHR2X<\/strong><\/p>\n\n\n\n<p>With notification: <em>30HSKIKI Registration \u2013 name of the participant<\/em><\/p>\n","protected":false},"excerpt":{"rendered":"<p>Registration opens soon. Registration fee REGISTRATION FEE EARLY BIRD AFTER JAN. 31, 2027 EUR EUR Regular 480 530 CSCE\/CCS members 450 500 Primary and Secondary School Teachers 280 330 Students up to doctorate 280 330 Accompanying person 250 300 * VAT included. Bank expenses not included in the fee. Retired persons can participate free of [&hellip;]<\/p>\n","protected":false},"author":1,"featured_media":0,"parent":0,"menu_order":0,"comment_status":"closed","ping_status":"closed","template":"","meta":[],"_links":{"self":[{"href":"https:\/\/30hskiki.org\/index.php\/wp-json\/wp\/v2\/pages\/38"}],"collection":[{"href":"https:\/\/30hskiki.org\/index.php\/wp-json\/wp\/v2\/pages"}],"about":[{"href":"https:\/\/30hskiki.org\/index.php\/wp-json\/wp\/v2\/types\/page"}],"author":[{"embeddable":true,"href":"https:\/\/30hskiki.org\/index.php\/wp-json\/wp\/v2\/users\/1"}],"replies":[{"embeddable":true,"href":"https:\/\/30hskiki.org\/index.php\/wp-json\/wp\/v2\/comments?post=38"}],"version-history":[{"count":5,"href":"https:\/\/30hskiki.org\/index.php\/wp-json\/wp\/v2\/pages\/38\/revisions"}],"predecessor-version":[{"id":58,"href":"https:\/\/30hskiki.org\/index.php\/wp-json\/wp\/v2\/pages\/38\/revisions\/58"}],"wp:attachment":[{"href":"https:\/\/30hskiki.org\/index.php\/wp-json\/wp\/v2\/media?parent=38"}],"curies":[{"name":"wp","href":"https:\/\/api.w.org\/{rel}","templated":true}]}}